n(-106).
-34
Let n(g) = -3*g**3 - 1712*g**2 + 7030*g - 543. Determine n(4).
-7
Let r(w) = -145857*w + 8. What is r(0)?
8
Let n(k) = -1375138*k - 1375145. Give n(-1).
-7
Let t(u) = u**3 - 142*u**2 - 449*u + 2013. Determine t(145).
-17
Let p(x) = x**3 + 3*x**2 + 25846*x + 25846. Give p(-1).
2
Let k(q) = -37*q**3 + 1102*q**2 + 247*q - 206. Determine k(30).
4
Let b(l) = l**3 + 32*l**2 - 229*l - 9049. Calculate b(-19).
-5
Let v(i) = -i**2 + 876*i + 4436. Give v(-5).
31
Let w(i) = -62*i**3 + i**2 - 2*i - 80. Give w(0).
-80
Let v(f) = f**3 - 118*f**2 - 983*f - 1989. What is v(-4)?
-9
Let u(v) = -10068*v - 19940. Determine u(-2).
196
Let q(g) = -13*g**2 + 523*g - 627. Calculate q(39).
-3
Let x(t) = -2*t**3 + 9*t**2 + 2162*t + 12938. Calculate x(-6).
722
Let j(h) = -2*h**3 + 77*h**2 - 283*h - 260. Determine j(33).
2380
Let u(h) = 932*h**2 + 39134*h - 406. What is u(-42)?
14
Let v(r) = 1641*r + 32835. What is v(-20)?
15
Let b(f) = 202*f - 12295. Determine b(60).
-175
Let g(s) = -30*s**2 + 1719*s - 8262. What is g(52)?
6
Let y(n) = -n**3 + 60*n**2 + 128*n - 206. Calculate y(62).
42
Let h(z) = -2*z**3 - 34*z**2 + 841*z + 5842. Give h(-6).
4
Let s(f) = f**3 + 64*f**2 + 323*f - 1404. Calculate s(-58).
46
Let o(z) = z**3 - 716*z**2 - 77955*z - 286. Calculate o(-96).
2
Let n(x) = x**3 - 12*x**2 + 16*x + 247. Give n(9).
148
Let k(j) = -j**3 - 145*j**2 + 1393*j + 672. Calculate k(-154).
-406
Let v(o) = -1918*o + 391271. Give v(204).
-1
Let p(q) = 955*q + 11011. Give p(-11).
506
Let t(n) = 2*n**2 - 90812*n + 4082492. What is t(45)?
2
Let q(h) = 31*h**3 - 275*h**2 - 27*h - 97. Calculate q(9).
-16
Let f(t) = 134506*t - 3497149. Calculate f(26).
7
Let y(j) = -54602*j + 54613. What is y(1)?
11
Let v(i) = 3*i**3 + 49*i**2 - 658*i - 10772. What is v(-16)?
12
Let w(p) = -p**2 + 12396*p + 273188. Calculate w(-22).
-8
Let t(q) = -2*q**3 + 5*q**2 - 96*q + 410. Calculate t(0).
410
Let o(r) = 2*r**2 + 358*r - 784. Give o(-182).
308
Let z(y) = 1414*y + 1020924. Determine z(-722).
16
Let m(c) = -10*c**3 - 215*c**2 + 345*c + 3. Give m(-23).
3
Let l(z) = -180*z**3 + 1978*z**2 + 10*z + 96. Determine l(11).
-36
Let g(w) = -321*w - 1089. Determine g(-7).
1158
Let z(f) = -1258*f - 15152. What is z(-12)?
-56
Let w(o) = 7*o**3 + 336*o**2 + 656*o + 31490. Determine w(-48).
2
Let g(y) = -1595*y**2 - 570*y - 572. Determine g(-1).
-1597
Let k(n) = -823*n - 78065. What is k(-96)?
943
Let j(m) = m**3 - 31*m**2 - 107*m + 342. Calculate j(-5).
-23
Let u(x) = 10*x**2 + 415*x - 4009. Give u(-49).
-334
Let n(r) = r**3 + 109*r**2 - 497*r - 54168. Give n(-109).
5
Let a(z) = -1277*z + 138700. What is a(108)?
784
Let x(g) = g**3 + 32*g**2 - 43*g - 94. What is x(-33)?
236
Let d(j) = 1156*j + 4748. Determine d(-3).
1280
Let y(q) = -236766*q + 1894150. Give y(8).
22
Let f(a) = -2*a**3 + 31*a**2 + 89*a + 101. What is f(18)?
83
Let q(i) = 1120*i + 22249. What is q(-20)?
-151
Let z(k) = 20*k**2 - 2193*k + 9769. What is z(105)?
4
Let u(p) = 36340*p + 1817008. What is u(-50)?
8
Let r(u) = -u**3 - 45*u**2 + 90*u - 339. Give r(-46).
-2363
Let i(z) = 2*z**2 - 434*z - 5641. Give i(-12).
-145
Let o(a) = 15*a**2 - 300*a - 49. Determine o(20).
-49
Let o(c) = -616*c**3 - 4926*c**2 + 163*c + 1161. Give o(-8).
-15
Let g(o) = 2*o**3 - 31*o**2 + 150*o - 217. Give g(6).
-1
Let d(t) = 1475*t + 53122. Calculate d(-37).
-1453
Let q(j) = j**2 - 12254*j - 850281. What is q(-69)?
6
Let v(r) = -r**3 + 355*r**2 + 1444*r - 2876. Determine v(359).
-4
Let u(n) = -2*n**2 - 12321*n + 49316. Give u(4).
0
Let m(j) = -7*j**3 + 3811*j**2 + 19195*j - 163. Give m(-5).
12
Let n(z) = 2*z**2 + 12821*z + 64055. Give n(-5).
0
Let q(d) = 3*d**3 - 983*d**2 + 1478*d + 49563. What is q(326)?
11
Let a(o) = -3042*o + 149065. Give a(49).
7
Let j(o) = 4*o**3 - 572*o**2 + 41618*o - 5951371. Calculate j(143).
3
Let a(r) = 6473*r + 77658. Calculate a(-12).
-18
Let a(m) = -745*m**2 - 2922*m - 109. Give a(-4).
-341
Let h(b) = -b**3 - 19*b**2 - 141*b - 2995. Give h(-20).
225
Let h(g) = -g**3 - 219*g**2 + 1514*g + 36905. Determine h(-225).
5
Let d(s) = 46*s**2 + 393*s - 131. Calculate d(-9).
58
Let b(t) = -t**3 + 32*t**2 - 33*t + 3914. What is b(34)?
480
Let w(a) = a**2 - 6671*a - 6676. What is w(-1)?
-4
Let r(c) = 5*c**2 + 833*c + 7389. Determine r(-9).
297
Let w(z) = -1407*z + 7877. Calculate w(6).
-565
Let t(x) = -8*x**2 + 77*x - 183. Determine t(4).
-3
Let j(c) = 2*c**2 + 41239*c + 206151. Give j(-5).
6
Let c(x) = -1645*x + 12217. Give c(7).
702
Let p(c) = c**3 + 352*c**2 + 2733*c - 193. Determine p(-8).
-41
Let q(x) = 11*x**2 + 1220*x + 19130. Give q(-92).
-6
Let f(s) = -s**3 + 141*s**2 - 10201*s + 1468707. What is f(142)?
1
Let k(w) = -12797*w - 4824465. Determine k(-377).
4
Let c(a) = -a**3 - 67*a**2 + 367*a + 477. Calculate c(-72).
-27
Let v(h) = 20*h**2 + 404*h + 198. Determine v(-15).
-1362
Let j(p) = p**3 + p**2 - 2065*p + 42. Determine j(45).
267
Let c(x) = x**2 - 378*x + 5930. Calculate c(15).
485
Let c(g) = -g**3 - 9*g**2 + 916*g + 9050. Give c(-10).
-10
Let h(u) = -87*u**3 + 28359*u**2 + 979*u - 321. What is h(326)?
5
Let z(v) = -2663*v + 21326. Give z(8).
22
Let l(g) = 8*g**3 - 395*g**2 + 2884*g - 9. Determine l(9).
-216
Let f(c) = -94*c**2 - 720*c + 420. Give f(-8).
164
Let t(a) = 242*a**2 + 8963*a + 120. What is t(-37)?
-213
Let p(a) = a**3 - 347*a**2 + 4327*a + 4975. What is p(334)?
-35
Let a(h) = -h**3 + 18*h**2 - 159*h - 1798. Calculate a(-6).
20
Let a(u) = 43*u + 9713. What is a(-225)?
38
Let f(s) = -83*s - 3488. Give f(-37).
-417
Let i(g) = -54*g**2 + 564*g + 60. What is i(11)?
-270
Let x(u) = u**3 + 60*u**2 - 380*u - 3569. Calculate x(-65).
6
Let p(d) = 2*d**2 - 2946*d + 1028082. Give p(905).
2
Let f(s) = -s + 588. Determine f(-51).
639
Let k(n) = n**2 + 125*n + 3351. Calculate k(-91).
257
Let d(a) = -8*a**2 + 3248*a - 19215. Determine d(400).
-15
Let i(m) = -m**3 - 39*m**2 - 79*m - 82. What is i(-37)?
103
Let c(y) = y**2 + 150*y - 9847. Give c(50).
153
Let w(s) = 2*s**3 + 215*s**2 - 1248*s - 1035. Give w(-113).
-470
Let l(x) = x**3 - 14*x**2 - 35*x - 55. What is l(-7)?
-839
Let y(m) = -404*m**3 - 4848*m**2 - 21*m - 295. Determine y(-12).
-43
Let p(t) = -t**2 - 117573*t - 4466333. Give p(-38).
-3
Let a(n) = 2073*n**2 + 3944*n - 2. Determine a(-2).
402
Let p(t) = 3*t**2 + 1746*t - 10572. Calculate p(6).
12
Let p(m) = 86347*m - 6044279. Determine p(70).
11
Let t(f) = -539*f**2 - 460*f - 460. Determine t(-1).
-539
Let o(x) = -x**3 - 4109*x**2 + 49450*x + 42. Give o(12).
18
Let h(z) = -67*z**2 - 236*z + 528. Determine h(-5).
33
Let w(z) = -z**3 + 14*z**2 - 1318*z - 11948. Determine w(-8).
4
Let p(i) = -10*i**2 + 7600*i - 30227. Calculate p(4).
13
Let q(g) = -3594*g - 21536. Determine q(-6).
28
Let z(l) = 84*l**2 + 76*l - 160. Give z(2).
328
Let w(p) = -1246*p - 2613. Determine w(-2).
-121
Let v(x) = x**3 + 110*x**2 - 332*x + 699. Calculate v(-113).
-92
Let h(n) = 2839*n**2 + 51123*n + 381. Calculate h(-18).
3
Let u(f) = -214*f - 10052. Determine u(-32).
-3204
Let d(f) = 2*f**3 + 261*f**2 - 419*f - 5169. Give d(-132).
-2133
Let i(z) = -z**3 - 125*z**2 + 376*z - 673. What is i(-128)?
351
Let r(d) = 2*d**3 + 66*d**2 - 11160*d + 14. What is r(60)?
14
Let d(y) = -21*y**3 - 61*y**2 - 510*y - 1547. Calculate d(-3).
1
Let o(i) = 4048*i + 28259. Determine o(-7).
-77
Let n(t) = 6*t**2 - 138*t - 145. What is n(0)?
-145
Let k(b) = 2*b**2 + 293*b + 2513. What is k(-133)?
-1078
Let q(k) = -k**3 - 22*k**2 + 83*k + 708. Give q(-23).
-672
Let k(d) = -3*d**3 - 134*d**2 - 1406*d - 233. Determine k(-28).
-65
Let h(q) = q**2 - 1838*q + 66634. Determine h(37).
-3
Let p(n) = -n**3 - 3*n**2 - 2864*n - 35572. What is p(-12)?
92
Let p(h) = -298838*h + 3884894. Calculate p(13).
0
Let r(c) = -c**2 - 3446*c + 35. Determine r(0).
35
Let v(o) = 9*o**2 - 262*o + 211. Calculate v(28).
-69
Let y(t) = -t**2 + 15248*t + 37229848. Give y(-2141).
-1
Let r(m) = 88*m - 8029. Calculate r(64).
-2397
Let v(h) = -h**3 + 902*h - 95. What is v(-30)?
-155
Let y(j) = 6*j**2 - 409*j + 2243. Calculate y(6).
5
Let r(b) = 35*b**2 + 3667*b - 328. What is r(-105)?
512
Let w(m) = 57*m**2 + 121*m - 876. What is w(7)?
2764
Let b(i) = 27413*i + 27515. Calculate b(-1).
102
Let s(k) = 1083*k**2 - 110441*k - 2553. Determine s(102).
-3
Let i(q) = -26*q**2 + 282*q + 1980. Give i(-7).
-1268
Let 